Is 15769493 a prime number?
False
Is 5978197 composite?
True
Is 3710461 prime?
True
Is 99803861 composite?
False
Is 1187663 prime?
False
Is 39299 prime?
False
Is 414134111 a prime number?
False
Is 4829998 composite?
True
Is 12766183 composite?
False
Is 1443781 composite?
False
Is 13580681 composite?
False
Is 20802997 a prime number?
False
Is 1886285 a prime number?
False
Is 217351099 composite?
True
Is 4679137 prime?
True
Is 2181461 a composite number?
False
Is 262572929 composite?
False
Is 824227 a prime number?
True
Is 61702015 a composite number?
True
Is 313127 a composite number?
False
Is 326582209 prime?
True
Is 55982321 composite?
False
Is 208717805 a composite number?
True
Is 16313887 prime?
False
Is 120209 prime?
True
Is 3841 composite?
True
Is 61696909 prime?
True
Is 117440941 a prime number?
True
Is 242464913 composite?
True
Is 2137979 a composite number?
False
Is 38518589 a prime number?
True
Is 155775707 composite?
False
Is 113592903 a prime number?
False
Is 84078571 composite?
False
Is 233706817 composite?
False
Is 13207913 prime?
False
Is 838133 composite?
False
Is 6009181 a composite number?
True
Is 117569873 a prime number?
False
Is 542462421 a composite number?
True
Is 12083119 a composite number?
True
Is 139930739 a composite number?
True
Is 5092157 composite?
True
Is 22389973 a prime number?
False
Is 225385289 a prime number?
True
Is 2739181 a composite number?
False
Is 357827251 composite?
False
Is 1913617 a composite number?
True
Is 15180097 composite?
True
Is 4787039 prime?
True
Is 76891 prime?
False
Is 17211263 a composite number?
True
Is 6030569 a prime number?
True
Is 19985179 a composite number?
False
Is 6410578 prime?
False
Is 1345093 prime?
False
Is 141114277 a prime number?
True
Is 11892271 prime?
False
Is 1549319 prime?
True
Is 3792307 a prime number?
True
Is 2258869 prime?
False
Is 8020553 composite?
False
Is 1931789 composite?
False
Is 144572287 a prime number?
False
Is 1981774 composite?
True
Is 657983 a prime number?
True
Is 195530721 a prime number?
False
Is 6259949 a composite number?
True
Is 15707893 a composite number?
False
Is 3788743 prime?
False
Is 1337764379 a composite number?
True
Is 626006723 prime?
True
Is 150953207 a prime number?
False
Is 27289333 a composite number?
False
Is 5261647 composite?
False
Is 2620493 a prime number?
True
Is 126920705 prime?
False
Is 123635923 a prime number?
True
Is 5410813 a composite number?
False
Is 6904043 a composite number?
True
Is 204312581 prime?
False
Is 177125951 a composite number?
True
Is 15675833 prime?
True
Is 16033673 a prime number?
True
Is 3223177 a prime number?
False
Is 246313973 prime?
False
Is 3419853 prime?
False
Is 13093 prime?
True
Is 152846809 prime?
False
Is 1807723 composite?
False
Is 96499631 prime?
False
Is 2846711 a composite number?
True
Is 846757 prime?
True
Is 282530581 a composite number?
False
Is 8400647 a composite number?
False
Is 26512357 a composite number?
False
Is 1039141 a prime number?
False
Is 24463435 composite?
True
Is 1171517 prime?
True
Is 56323447 a prime number?
False
Is 27165569 prime?
True
Is 45673409 composite?
False
Is 8776967 prime?
False
Is 2554621 composite?
False
Is 2287139 a prime number?
False
Is 49275951 prime?
False
Is 2631119 a prime number?
False
Is 445477 a prime number?
True
Is 1076695509 composite?
True
Is 7586561 a composite number?
True
Is 2203589 composite?
False
Is 207895593 composite?
True
Is 6991617 a prime number?
False
Is 392030749 prime?
False
Is 11543383 prime?
False
Is 1954171 composite?
True
Is 11947463 a composite number?
True
Is 405143 composite?
False
Is 280009853 a composite number?
False
Is 175813997 prime?
False
Is 5287173 a prime number?
False
Is 542981 prime?
True
Is 9349647 prime?
False
Is 264323 prime?
True
Is 1792235 composite?
True
Is 16907237 prime?
True
Is 1716041 composite?
False
Is 43224837 a composite number?
True
Is 6404917 prime?
True
Is 451112689 prime?
True
Is 2305519 a prime number?
False
Is 565237 composite?
False
Is 352047199 prime?
False
Is 2244877 composite?
True
Is 7757437 a composite number?
False
Is 82614901 composite?
False
Is 2629811 a composite number?
False
Is 18780557 a prime number?
True
Is 1430053 a prime number?
False
Is 9984451 prime?
True
Is 14084639 a composite number?
False
Is 292133 composite?
False
Is 2160641 a prime number?
False
Is 52627709 prime?
True
Is 40766573 a prime number?
True
Is 1086031 composite?
False
Is 19515029 a prime number?
True
Is 11991377 composite?
False
Is 1215799 a prime number?
False
Is 284789203 composite?
True
Is 79031 composite?
False
Is 606341 a composite number?
False
Is 200810399 a composite number?
False
Is 30668809 prime?
True
Is 23642029 composite?
False
Is 10799683 composite?
False
Is 11985163 composite?
False
Is 633209 composite?
False
Is 2632829 prime?
True
Is 107524366 composite?
True
Is 32147081 prime?
False
Is 106061843 a prime number?
True
Is 4633901 a prime number?
True
Is 32445541 a composite number?
True
Is 222838313 composite?
False
Is 14406689 a prime number?
False
Is 62680435 prime?
False
Is 207579621 composite?
True
Is 556531 a composite number?
True
Is 13236023 a prime number?
True
Is 195986939 composite?
False
Is 486529 composite?
True
Is 282651289 a composite number?
True
Is 282043289 prime?
False
Is 10723409 a prime number?
True
Is 8515031 a prime number?
False
Is 18299747 a composite number?
False
Is 92831457 a composite number?
True
Is 4018277 a composite number?
False
Is 41500903 a prime number?
True
Is 6637949 a prime number?
True
Is 3112378 prime?
False
Is 6112199 composite?
False
Is 2814989 a prime number?
False
Is 148373 a prime number?
False
Is 2896903 a prime number?
True
Is 8042267 a prime number?
True
Is 3868653 prime?
False
Is 5517178 composite?
True
Is 908797 composite?
False
Is 115605569 composite?
False
Is 3897389 a composite number?
False
Is 458989 prime?
False
Is 1667131 prime?
True
Is 219076303 a composite number?
False
Is 360841277 composite?
False
Is 42939409 a composite number?
False
Is 2833003 a composite number?
True
Is 8300723 a composite number?
True
Is 570329 prime?
True
Is 717053021 a prime number?
True
Is 2779355 composite?
True
Is 1645429 composite?
False
Is 126167369 a composite number?
False
Is 814883 a prime number?
True
Is 489674 a composite number?
True
Is 232049 a prime number?
True
Is 6251059 prime?
False
Is 1178993 a prime number?
True
Is 7360555 prime?
False
Is 6997367 composite?
True
Is 45342521 a prime number?
False
Is 1193653 prime?
True
Is 726139927 prime?
True
Is 15252047 a composite number?
True
Is 37394867 a prime number?
False
Is 1496785 a prime number?
False
Is 4504273 a prime number?
False
Is 94113485 composite?
True
Is 1787237 a prime number?
True
Is 441136571 composite?
False
Is 6217 a composite number?
False
Is 16046149 a prime number?
False
Is 1367501 prime?
True
Is 1723783 prime?
False
Is 1320091 a composite number?
False
Is 4001843 a prime number?
False
Is 15954689 composite?
False
Is 4893727 prime?
True
Is 15511211 a composite number?
True
Is 91259471 prime?
False
Is 112041757 a prime number?
True
Is 18512777 a prime number?
False
Is 435991 a prime number?
False
Is 4011467 prime?
True
Is 548503543 prime?
False
Is 20955647 composite?
False
Is 44847251 prime?
True
Is 2362271 prime?
True
Is 360749 a composite number?
False
Is 100961 composite?
True
Is 5543039 prime?
False
Is 30028471 a prime number?
False
Is 50345717 a composite number?
False
Is 2016887 composite?
True
Is 317196941 composite?
True
Is 680123 prime?
True
Is 41459543 a composite number?
False
Is 3687373 a composite number?
False
Is 1635401 a prime number?
True
Is 5550977 a composite number?
True
Is 7075183 a prime number?
True
Is 18824567 composite?
True
Is 488663 a prime number?
False
Is 6822253 a composite number?
True
Is 2292431 a prime number?
False
Is 73818803 composite?
False
Is 482777 composite?
True
Is 2154307 prime?
True
Is 2864557 prime?
True
Is 65455921 prime?
True
Is 285568953 a composite number?
True
Is 22072597 a composite number?
False
Is 8022281 composite?
False
Is 187259333 a prime number?
False
Is 188709799 a composite number?
False
Is 71436385 a prime number?
False
Is 28341017 a prime number?
True
Is 73315199 a composite number?
False
Is 206699 prime?
True
Is 2